{"id":6,"date":"2020-10-14T10:53:05","date_gmt":"2020-10-14T10:53:05","guid":{"rendered":"http:\/\/xn--hlervarer-g3a.dk\/?page_id=6"},"modified":"2020-10-14T10:53:05","modified_gmt":"2020-10-14T10:53:05","slug":"det-nye-umoma-aabner-doerene-2","status":"publish","type":"page","link":"https:\/\/xn--hlervarer-g3a.dk\/","title":{"rendered":"Det nye UMoMA \u00e5bner d\u00f8rene"},"content":{"rendered":"<div class=\"wp-block-group alignwide\"><div class=\"wp-block-group__inner-container\"><h2 class=\"has-text-align-center\">Den f\u00f8rende destination for moderne kunst i det nordlige Sverige. \u00c5ben fra 10.00 til 18.00 hver dag i sommerm\u00e5nederne.<\/h2><\/div><\/div><div class=\"wp-block-columns alignwide\"><div class=\"wp-block-column\"><div class=\"wp-block-group\"><div class=\"wp-block-group__inner-container\"><figure class=\"wp-block-image alignfull size-full\"><img src=\"http:\/\/xn--hlervarer-g3a.dk\/wp-content\/themes\/twentytwenty\/assets\/images\/2020-three-quarters-1.png\" alt=\"\" class=\"wp-image-37\"\/><\/figure><h3>V\u00e6rker og dage<\/h3><p>1. august &#8212; 1. december<\/p><div class=\"wp-block-button is-style-outline\"><a class=\"wp-block-button__link\" href=\"https:\/\/make.wordpress.org\/core\/2019\/09\/27\/block-editor-theme-related-updates-in-wordpress-5-3\/\">L\u00e6s mere<\/a><\/div><\/div><\/div><div class=\"wp-block-group\"><div class=\"wp-block-group__inner-container\"><figure class=\"wp-block-image alignfull size-full\"><img src=\"http:\/\/xn--hlervarer-g3a.dk\/wp-content\/themes\/twentytwenty\/assets\/images\/2020-three-quarters-3.png\" alt=\"\" class=\"wp-image-37\"\/><\/figure><h3>Operations teater<\/h3><p>1. oktober &#8212; 1. december <\/p><div class=\"wp-block-button is-style-outline\"><a class=\"wp-block-button__link\" href=\"https:\/\/make.wordpress.org\/core\/2019\/09\/27\/block-editor-theme-related-updates-in-wordpress-5-3\/\">L\u00e6s mere<\/a><\/div><\/div><\/div><\/div><div class=\"wp-block-column\"><div class=\"wp-block-group\"><div class=\"wp-block-group__inner-container\"><figure class=\"wp-block-image alignfull size-full\"><img src=\"http:\/\/xn--hlervarer-g3a.dk\/wp-content\/themes\/twentytwenty\/assets\/images\/2020-three-quarters-2.png\" alt=\"\" class=\"wp-image-37\"\/><\/figure><h3>Det liv, jeg fortjener<\/h3><p>1. august &#8212; 1. december<\/p><div class=\"wp-block-button is-style-outline\"><a class=\"wp-block-button__link\" href=\"https:\/\/make.wordpress.org\/core\/2019\/09\/27\/block-editor-theme-related-updates-in-wordpress-5-3\/\">L\u00e6s mere<\/a><\/div><\/div><\/div><div class=\"wp-block-group\"><div class=\"wp-block-group__inner-container\"><figure class=\"wp-block-image alignfull size-full\"><img src=\"http:\/\/xn--hlervarer-g3a.dk\/wp-content\/themes\/twentytwenty\/assets\/images\/2020-three-quarters-4.png\" alt=\"\" class=\"wp-image-37\"\/><\/figure><h3>Fra Signac til Matisse<\/h3><p>1. oktober &#8212; 1. december <\/p><div class=\"wp-block-button is-style-outline\"><a class=\"wp-block-button__link\" href=\"https:\/\/make.wordpress.org\/core\/2019\/09\/27\/block-editor-theme-related-updates-in-wordpress-5-3\/\">L\u00e6s mere<\/a><\/div><\/div><\/div><\/div><\/div><figure class=\"wp-block-image alignfull size-full\"><img src=\"http:\/\/xn--hlervarer-g3a.dk\/wp-content\/themes\/twentytwenty\/assets\/images\/2020-landscape-2.png\" alt=\"\" class=\"wp-image-37\"\/><\/figure><div class=\"wp-block-group alignwide\"><div class=\"wp-block-group__inner-container\"><h2 class=\"has-accent-color has-text-align-center\">&#8220;Cyborgs, som filosoffen Donna Haraway beskrev det, er ikke \u00e6rb\u00f8dige. De kan ikke huske kosmos. &#8220;<\/h2><\/div><\/div><p class=\"has-drop-cap\">Med syv etager af sl\u00e5ende arkitektur, viser UMoMA udstillinger med international samtidskunst, nogle gange sammen med kunsthistoriske retrospektiver. Eksistentielle, politiske og filosofiske sp\u00f8rgsm\u00e5l er iboende i vores program. Som bes\u00f8gende inviteres du til guidede ture, samtaler med kunstnere, foredrag, filmforevisninger og andre arrangementer med gratis adgang<\/p><p>Udstillingerne er produceret af UMoMA i samarbejde med kunstnere og museer rundt om i verden, og de tiltr\u00e6kker ofte international opm\u00e6rksomhed. UMoMA har modtaget en s\u00e6rlig udm\u00e6rkelse fra det europ\u00e6iske Museum of the Year, og var blandt de bedste kandidater til \u00e5rets svenske Museums pris samt til Europar\u00e5dets Museums pris.<\/p><p><\/p><div class=\"wp-block-group alignwide has-background\" style=\"background-color:#ffffff\"><div class=\"wp-block-group__inner-container\"><div class=\"wp-block-group\"><div class=\"wp-block-group__inner-container\"><h2 class=\"has-text-align-center\">Bliv medlem og f\u00e5 eksklusive tilbud!<\/h2><p class=\"has-text-align-center\">Medlemmer f\u00e5r adgang til eksklusive udstillinger og salg. Vores medlemskaber koster \u20ac99,99 og faktureres \u00e5rligt.<\/p><div class=\"wp-block-button aligncenter\"><a class=\"wp-block-button__link\" href=\"https:\/\/make.wordpress.org\/core\/2019\/09\/27\/block-editor-theme-related-updates-in-wordpress-5-3\/\">Tilmeld dig klubben<\/a><\/div><\/div><\/div><\/div><\/div><figure class=\"wp-block-gallery alignwide columns-2 is-cropped\"><ul class=\"blocks-gallery-grid\"><li class=\"blocks-gallery-item\"><figure><img src=\"http:\/\/xn--hlervarer-g3a.dk\/wp-content\/themes\/twentytwenty\/assets\/images\/2020-square-2.png\" alt=\"\" data-id=\"39\" data-full-url=\"http:\/\/xn--hlervarer-g3a.dk\/wp-content\/themes\/twentytwenty\/assets\/images\/2020-square-2.png\" data-link=\"assets\/images\/2020-square-2\/\" class=\"wp-image-39\"\/><\/figure><\/li><li class=\"blocks-gallery-item\"><figure><img src=\"http:\/\/xn--hlervarer-g3a.dk\/wp-content\/themes\/twentytwenty\/assets\/images\/2020-square-1.png\" alt=\"\" data-id=\"38\" data-full-url=\"http:\/\/xn--hlervarer-g3a.dk\/wp-content\/themes\/twentytwenty\/assets\/images\/2020-square-1.png\" data-link=\"http:\/\/xn--hlervarer-g3a.dk\/wp-content\/themes\/twentytwenty\/assets\/images\/2020-square-1\/\" class=\"wp-image-38\"\/><\/figure><\/li><\/ul><\/figure>","protected":false},"excerpt":{"rendered":"<p>Med syv etager af sl\u00e5ende arkitektur, viser UMoMA udstillinger med international samtidskunst, nogle gange sammen med kunsthistoriske retrospektiver. Eksistentielle, politiske og filosofiske sp\u00f8rgsm\u00e5l er iboende i vores program. Som bes\u00f8gende inviteres du til guidede ture, samtaler med kunstnere, foredrag, filmforevisninger og andre arrangementer med gratis adgang Udstillingerne er produceret af UMoMA i samarbejde med kunstnere<a class=\"more-link\" href=\"https:\/\/xn--hlervarer-g3a.dk\/\">L\u00e6s videre <span class=\"meta-nav\">&rarr;<\/span><\/a><\/p>\n","protected":false},"author":1,"featured_media":5,"parent":0,"menu_order":0,"comment_status":"closed","ping_status":"closed","template":"","meta":[],"_links":{"self":[{"href":"https:\/\/xn--hlervarer-g3a.dk\/index.php?rest_route=\/wp\/v2\/pages\/6"}],"collection":[{"href":"https:\/\/xn--hlervarer-g3a.dk\/index.php?rest_route=\/wp\/v2\/pages"}],"about":[{"href":"https:\/\/xn--hlervarer-g3a.dk\/index.php?rest_route=\/wp\/v2\/types\/page"}],"author":[{"embeddable":true,"href":"https:\/\/xn--hlervarer-g3a.dk\/index.php?rest_route=\/wp\/v2\/users\/1"}],"replies":[{"embeddable":true,"href":"https:\/\/xn--hlervarer-g3a.dk\/index.php?rest_route=%2Fwp%2Fv2%2Fcomments&post=6"}],"version-history":[{"count":1,"href":"https:\/\/xn--hlervarer-g3a.dk\/index.php?rest_route=\/wp\/v2\/pages\/6\/revisions"}],"predecessor-version":[{"id":11,"href":"https:\/\/xn--hlervarer-g3a.dk\/index.php?rest_route=\/wp\/v2\/pages\/6\/revisions\/11"}],"wp:featuredmedia":[{"embeddable":true,"href":"https:\/\/xn--hlervarer-g3a.dk\/index.php?rest_route=\/wp\/v2\/media\/5"}],"wp:attachment":[{"href":"https:\/\/xn--hlervarer-g3a.dk\/index.php?rest_route=%2Fwp%2Fv2%2Fmedia&parent=6"}],"curies":[{"name":"wp","href":"https:\/\/api.w.org\/{rel}","templated":true}]}}